actors of 2922602893?
7, 23, 2593259
What are the prime factors of 58743352?
2, 1697, 4327
What are the prime factors of 79281434?
2, 83, 433, 1103
What are the prime factors of 180625991?
7, 13, 1984901
What are the prime factors of 40638105?
3, 5, 11149
List the prime factors of 1481081251.
13, 23, 37, 133877
List the prime factors of 61431227.
11, 13, 429589
List the prime factors of 85506056.
2, 17, 628721
List the prime factors of 865130976.
2, 3, 163, 6143
What are the prime factors of 338387100?
2, 3, 5, 1127957
What are the prime factors of 158267700?
2, 3, 5, 175853
List the prime factors of 18539869.
18539869
List the prime factors of 3053040137.
7, 19, 59, 229, 1699
List the prime factors of 1736651758.
2, 37, 2269, 10343
What are the prime factors of 4711074246?
2, 3, 261726347
What are the prime factors of 153960638?
2, 13, 383, 15461
List the prime factors of 24968144.
2, 31, 71, 709
List the prime factors of 2433708140.
2, 5, 2153, 56519
List the prime factors of 5150101506.
2, 3, 11, 19, 4106939
What are the prime factors of 2097620205?
3, 5, 347, 403001
What are the prime factors of 681594179?
7, 31, 131, 23977
List the prime factors of 1724070171.
3, 131, 4386947
List the prime factors of 111719751.
3, 11, 13, 260419
List the prime factors of 74011612.
2, 19, 973837
List the prime factors of 131681625.
3, 5, 351151
List the prime factors of 22394800.
2, 5, 55987
What are the prime factors of 104144964?
2, 3, 7, 11, 269, 419
List the prime factors of 62490463.
7, 109, 81901
What are the prime factors of 1174362178?
2, 11, 53380099
What are the prime factors of 1427827283?
607, 2352269
What are the prime factors of 5195863756?
2, 1298965939
List the prime factors of 984993159.
3, 313, 347, 3023
List the prime factors of 2143610618.
2, 619, 1731511
What are the prime factors of 184153761?
3, 11, 1860139
List the prime factors of 230455501.
53, 4348217
What are the prime factors of 46303163?
23, 2013181
What are the prime factors of 30020510?
2, 5, 13, 29, 7963
What are the prime factors of 95255067?
3, 97, 327337
List the prime factors of 294421459.
23, 1489, 8597
What are the prime factors of 5123493?
3, 43, 1471
What are the prime factors of 981050516?
2, 245262629
What are the prime factors of 574009552?
2, 2803, 12799
List the prime factors of 30383392.
2, 13, 73037
What are the prime factors of 8843249?
41, 215689
What are the prime factors of 449172845?
5, 11, 227, 35977
What are the prime factors of 198558690?
2, 3, 5, 11, 383, 1571
List the prime factors of 6994755.
3, 5, 19, 101
What are the prime factors of 77589042?
2, 3, 839, 15413
What are the prime factors of 630305423?
11, 31, 41, 45083
List the prime factors of 6316821.
3, 7, 100267
What are the prime factors of 126072809?
19, 167, 39733
List the prime factors of 142063794.
2, 3, 37, 137, 173
What are the prime factors of 60326382?
2, 3, 10054397
List the prime factors of 19292557.
3797, 5081
List the prime factors of 38817983.
31, 1252193
What are the prime factors of 3427593500?
2, 5, 6855187
List the prime factors of 546633537.
3, 182211179
List the prime factors of 2058781307.
11, 187161937
What are the prime factors of 140576598?
2, 3, 23, 339557
List the prime factors of 157744683.
3, 17, 43, 23977
List the prime factors of 145742530.
2, 5, 17, 857309
What are the prime factors of 2402407458?
2, 3, 11, 811, 4987
List the prime factors of 269697230.
2, 5, 11, 2451793
What are the prime factors of 176546620?
2, 5, 23, 383797
List the prime factors of 156200259.
3, 6899, 7547
List the prime factors of 614576392.
2, 79, 972431
List the prime factors of 184692098.
2, 83, 211, 5273
What are the prime factors of 110572340?
2, 5, 293, 18869
List the prime factors of 412638238.
2, 19, 10858901
List the prime factors of 97006544.
2, 179, 33871
List the prime factors of 2466424480.
2, 5, 13, 29, 31, 1319
What are the prime factors of 4827108696?
2, 3, 29, 6935501
What are the prime factors of 79898162?
2, 39949081
What are the prime factors of 1650175553?
13, 126936581
What are the prime factors of 935874588?
2, 3, 11, 113, 62743
What are the prime factors of 1591483318?
2, 71, 2417, 4637
List the prime factors of 3973139751.
3, 7, 17, 29, 383767
What are the prime factors of 158073884?
2, 39518471
List the prime factors of 91364396.
2, 37, 617327
List the prime factors of 56956949.
7, 37, 219911
List the prime factors of 5970318.
2, 3, 995053
What are the prime factors of 317993423?
11, 23, 1256891
What are the prime factors of 84968152?
2, 19, 559001
List the prime factors of 273361983.
3, 91120661
What are the prime factors of 31273419?
3, 61, 73, 2341
List the prime factors of 1147880954.
2, 11, 199, 262193
List the prime factors of 4220099977.
2383, 1770919
List the prime factors of 34436604.
2, 3, 193, 14869
List the prime factors of 22304270.
2, 5, 983, 2269
List the prime factors of 1120807522.
2, 560403761
List the prime factors of 116678402.
2, 23, 617, 4111
What are the prime factors of 8918663?
13, 686051
List the prime factors of 981889351.
981889351
What are the prime factors of 479741343?
3, 17, 9406693
What are the prime factors of 673041795?
3, 5, 173, 419, 619
List the prime factors of 69378666.
2, 3, 7, 17, 97169
What are the prime factors of 4995437?
1069, 4673
List the prime factors of 44599650.
2, 3, 5, 19, 15649
What are the prime factors of 87937522?
2, 107, 163, 2521
List the prime factors of 18254593.
7, 2607799
What are the prime factors of 948951409?
7, 19, 7134973
List the prime factors of 106650552.
2, 3, 643, 6911
What are the prime factors of 5590737121?
23, 14449, 16823
List the prime factors of 3433096206.
2, 3, 19, 79, 283, 449
What are the prime factors of 178648936?
2, 3271, 6827
List the prime factors of 709555651.
7, 1249, 81157
List the prime factors of 2228134023.
3, 5021, 49307
List the prime factors of 302613826.
2, 151306913
What are the prime factors of 2512445921?
107, 23480803
What are the prime factors of 34963129?
379, 92251
What are the prime factors of 29511148?
2, 83, 103, 863
List the prime factors of 1492737169.
7, 11, 857, 22621
List the prime factors of 902326354.
2, 11171, 40387
List the prime factors of 5325877543.
7, 457, 1664857
What are the prime factors of 3061777173?
3, 7, 13, 19, 590279
List the prime factors of 780620051.
5581, 139871
List the prime factors of 906687885.
3, 5, 19, 67, 103, 461
What are the prime factors of 218997859?
17, 12882227
What are the prime factors of 221359456?
2, 37, 186959
What are the prime factors of 77390799?
3, 25796933
List the prime factors of 2279582182.
2, 109, 127, 137, 601
List the prime factors of 2400151920.
2, 3, 5, 139, 71947
List the prime factors of 862135399.
17, 181, 280187
List the prime factors of 821140248.
2, 3, 83, 412219
What are the prime factors of 9527570?
2, 5, 13, 83, 883
What are the prime factors of 955002277?
29, 32931113
List the prime factors of 9457544611.
9457544611
What are the prime factors of 829310839?
7, 23, 487, 1511
What are the prime factors of 48172869?
3, 5352541
What are the prime factors of 66789222?
2, 3, 53, 139, 1511
What are the prime factors of 686767118?
2, 31, 357319
List the prime factors of 1176515.
5, 167, 1409
List the prime factors of 37106546.
2, 17, 1091369
List the prime factors of 705098242.
2, 103, 3422807
What are the prime factors of 2870739056?
2, 61, 97, 30323
What are the prime factors of 195755127?
3, 79, 825971
What are the prime factors of 25864142?
2, 12932071
What are the prime factors of 50792151?
3, 107, 158231
What are the prime factors of 576907687?
193, 251, 11909
List the prime factors of 4927033345.
5, 13, 41, 113, 16361
List the prime factors of 646689550.
2, 5, 13, 994907
List the prime factors of 1211080796.
2, 41, 71, 104009
What are the prime factors of 29801969?
17, 101, 1021
What are the prime factors of 64991652?
2, 3, 11, 23, 21407
List the prime factors of 40685105.
5, 8137021
List the prime factors of 789341587.
789341587
What are the prime factors of 2029462481?
173, 11730997
What are the prime factors of 1002909960?
2, 3, 5, 13, 214297
List the prime factors of 157572137.
271, 581447
What are the prime factors of 207497513?
23, 59, 152909
What are the prime factors of 466566087?